en g is divided by x(2).
0
Let z(l) = -l - 1. Let u(d) = -1 - 3*d**2 + 6 + 3*d + 4*d**2. What is the remainder when u(-4) is divided by z(-6)?
4
What is the remainder when -7*6*(-15)/6 is divided by 27?
24
Let d(n) = -4*n**2 - 2. Let t be d(2). What is the remainder when ((-6)/t)/(1/81) is divided by (8/(-6))/((-4)/42)?
13
Let q be (2 + 0)/(3/(-126)). Calculate the remainder when 21 is divided by q/(-10) + (-4)/10.
5
Let t be (2 + 1 - 2)*5. Suppose t*q + 7 = 27. Suppose 5*v = -s + 5, -4*s - 4 = q*v - 56. Calculate the remainder when 28 is divided by s.
13
Suppose -2*n = 4*g + 3*n + 3, -15 = -3*n. Let z = -1 + 2. Let l = z - g. Calculate the remainder when 14 is divided by l.
6
Let l(f) = 14*f - 2. Let w be l(1). Let i(z) = -z**3 + 12*z**2 + 3*z - 17. Calculate the remainder when i(w) is divided by 11.
8
Suppose 9 = -2*g + 37. Suppose 0 = -2*r - 13 + 5, 2*r + 23 = 3*z. Suppose -w + 6 = 2*k, 3*w - z*k - 39 + 10 = 0. Calculate the remainder when g is divided by w.
6
Let i be (-20)/3*12/(-4). Let b = 0 + -10. Let h = i + b. Calculate the remainder when 18 is divided by h.
8
Let q = -14 + 26. Let a(g) = 2*g - 1. Let s = 13 - 5. What is the remainder when a(q) is divided by s?
7
Let p(c) = 5*c**2 - 6*c**2 + 3*c**2 + 2 + 5*c. Let f = -7 - -4. Calculate the remainder when 13 is divided by p(f).
3
Suppose 8*d - 15 = 9. What is the remainder when 6 is divided by d?
0
Suppose a + 2 = 3. Calculate the remainder when 2 - a - 244/(-4) is divided by 16.
14
Let i = -9 - -25. Suppose -5*n + n + 126 = 2*o, -4*o = -5*n - 200. Suppose g - 23 = -3*a, -a - 5*g + o = 4*a. What is the remainder when i is divided by a?
4
Let n(z) = -z + 4. Let q be n(0). What is the remainder when (6 - -57) + -1 + q is divided by 17?
15
Let a = -33 - -56. Calculate the remainder when a is divided by 12.
11
Suppose -4*x + 10*x = 132. Calculate the remainder when x is divided by 6.
4
Suppose 4*c + 26 = 3*n, 4*n - 3*c - 6 - 31 = 0. What is the remainder when (2/((-2)/37))/(-1) is divided by n?
7
Let r = 3 + -2. Let i be (4 - -2) + -3 + r. Suppose i*k = 20, -18 = -4*x + 2*k + 4. Calculate the remainder when 22 is divided by x.
6
Suppose -i - 19 = -5*z, -14 = -i - i - 3*z. Calculate the remainder when 3 is divided by i.
0
What is the remainder when 4 + (-1 + -3 - -74) is divided by 15?
14
Suppose -u = -5*j + 25, 2*j - u - u = 2. Suppose 4*h - j = 2*h. Suppose 2*b - 16 = -2*b. Calculate the remainder when b is divided by h.
1
Let j be (1 - 3 - 75) + -1. Let v = j + 121. What is the remainder when v is divided by 15?
13
What is the remainder when 35 is divided by 8 + ((-6)/(-3))/2?
8
Let s = -2 + 55. Let w(n) = n**3 - 7*n**2. Let z be w(3). Let p = s + z. Calculate the remainder when p is divided by 9.
8
Let s(y) = y**2 + 2*y. Let p be s(-3). Suppose -51 = -p*l + 4*q, 0 = -2*l - q - q + 20. What is the remainder when (-1)/(-2)*(-152)/(-2) is divided by l?
12
Suppose -5*a + 8 = -a. Suppose 49 = a*l - 17. Let k = -23 + l. Calculate the remainder when 19 is divided by k.
9
Suppose -6 = -3*x, -2*p - x = -6*p + 38. Let n be (-3)/15 + (-18)/p. What is the remainder when 23 is divided by (n/1)/(4/(-26))?
10
Suppose -5*r + 2*m = -46, 3*r + m - 22 = r. Suppose -r - 110 = -3*q. Suppose -2*v = 3*k - 34, 3 - 19 = -2*k - 3*v. What is the remainder when q is divided by k?
12
Let o = 63 - 56. Calculate the remainder when (-1)/3 + 37/3 is divided by o.
5
Let o = 22 + -10. Let k = 69 - 34. Calculate the remainder when k is divided by o.
11
Let d(r) = r**2 + 11*r + 10. What is the remainder when d(-11) is divided by 6?
4
Let z be 20/(-10) - 14/2. What is the remainder when (-609)/(-9) + 6/z is divided by 17?
16
Let v = -8 - -21. Let i = 1 - -4. Calculate the remainder when v is divided by i.
3
Suppose 0 = -19*g + 24*g - 105. What is the remainder when g is divided by 3?
0
Let u = -26 + 31. Suppose 5*g + s - u*s = 69, -3*g + s = -47. What is the remainder when g is divided by 9?
8
Let r = 62 - 19. Calculate the remainder when r is divided by 11.
10
Let z(d) = -d**3 - 8*d**2 - 8*d - 3. Suppose -2*v + 0*v = 14. What is the remainder when 13 is divided by z(v)?
1
Let m = -70 - -88. Calculate the remainder when 52 is divided by m.
16
Let c be 1*(-10)/(3 + -5). Suppose -3*a + 2*l = 4*l - 71, -c*a - 3*l = -118. Calculate the remainder when 67 is divided by a.
21
Let w = 41 - 6. Suppose -5*q - 2*c + 50 = 0, q - 15 - 7 = 2*c. What is the remainder when w is divided by q?
11
Let f = 272 + -106. Calculate the remainder when f is divided by 28.
26
Suppose 7*d = 3*d + 112. Calculate the remainder when 111 is divided by d.
27
Let b(v) = v**2 + 2*v. Let x(t) = 2*t**2 - 10*t + 9. Let k be x(6). Let d = k - 9. Calculate the remainder when b(5) is divided by d.
11
Let l(t) = -t**2 + 9*t + 7. Let v be l(10). Let m(x) = -x**2 - 3*x + 4. What is the remainder when 6 is divided by m(v)?
2
Suppose 4*y - 30 = -2*j, 0*y = -y + 2*j + 15. What is the remainder when 70 is divided by y?
7
Calculate the remainder when 84 is divided by (-1 - 85)/(-4 + 7 + -5).
41
Let b be -1*(14 - 1)/(-1). Let k = b - 7. What is the remainder when 10 is divided by k?
4
Let x = 12 + 6. Calculate the remainder when x is divided by (2/4 + 2)*2.
3
Suppose 4*g + 0*g - 2*t - 24 = 0, -3*g - 4*t = 4. Suppose 2 = 3*q + 4*o + 6, -g*q - 4*o = 0. Calculate the remainder when q is divided by -2*(-1)/(4/6).
1
Let n = 29 - 6. Let u = n + -14. What is the remainder when u is divided by 6?
3
Suppose -6 = -2*o + 12. Calculate the remainder when 33 is divided by o.
6
Let t = -30 + 41. What is the remainder when 19 is divided by t?
8
Suppose s - 2 = 2. Suppose 64 = 4*y + s*m, -2*y + 18 = m - 9. Calculate the remainder when 32 is divided by y.
10
Let l be (-2 - (4 - 12)) + 0. Suppose l*i - 11*i + 115 = 0. Calculate the remainder when 44 is divided by i.
21
Let t = 24 + 20. Calculate the remainder when t is divided by 9.
8
Calculate the remainder when 891/15 + 2/(-5) is divided by 15.
14
Let w = 54 + -36. What is the remainder when 33 is divided by w?
15
Let h = -1 + 6. Let n = -7 + h. Calculate the remainder when (n + 9/(-6))*-4 is divided by 8.
6
Let x(p) = -12*p - 9*p**2 - p**3 + 2 - 2. What is the remainder when x(-8) is divided by 17?
15
Let t(h) = h**2 - h - 91. Let m be t(0). Let o = m - -131. What is the remainder when o is divided by 21?
19
Suppose -3*s + 8*s = -15. Suppose 5*v - 6*f - 253 = -2*f, 5*f - 186 = -4*v. What is the remainder when v is divided by ((-1)/3)/(s/153)?
15
Suppose -j + 8 + 1 = 0. What is the remainder when j is divided by -4 - (-8 + -1 + -1)?
3
Calculate the remainder when (-2 + 1 + 3 - -1) + 109 is divided by 19.
17
Suppose 287 = 2*x + 5*x. Calculate the remainder when x is divided by 14.
13
Suppose -12 = 2*a - 3*a. Let f = 17 - a. Suppose 0*q + q - 4*d = -3, 3*d = 2*q - 19. What is the remainder when q is divided by f?
2
Let p(z) = z**3 + 5*z**2 - 11*z - 12. Calculate the remainder when p(-5) is divided by 17.
9
Let o = -1 - -3. Suppose -a + 9 = -5*q, -26 = -o*a - 0*q + 2*q. Suppose -c = m - 4, 0*m - m = 3*c - a. Calculate the remainder when 19 is divided by c.
4
Let p be (-3 - 2)*(-12)/(-10). Let j = p + 4. What is the remainder when 8 is divided by ((-2)/2)/(j/10)?
3
Let t be (-28 - 0)/((-4)/(-8)). Let s = -39 - t. What is the remainder when 50 is divided by s?
16
Suppose -5*x = 5*t - 230, -t - 4*t + 25 = 0. What is the remainder when 163 is divided by x?
40
Let y(g) = g - 3. Let i be y(7). Suppose n = -i*n + 95. Let r = 3 - -7. What is the remainder when n is divided by r?
9
Suppose -3*l - 5*b - 16 = 0, 3*b + 8 + 7 = 0. Let x = 194 - 188. Calculate the remainder when x is divided by l.
0
Suppose 5*d + 5*x = 4*d + 20, 3*x - 34 = -5*d. Suppose 0 = a - 3*a + d*f + 152, -2*f = 5*a - 322. Calculate the remainder when a is divided by 17.
15
Suppose 0 = -3*t - 3 + 15. Let h = 10 + t. Calculate the remainder when h is divided by 8 - 0/(9/3).
6
Let s = 13 - 4. Suppose -2*c + 45 = c. Calculate the remainder when c is divided by s.
6
Calculate the remainder when 16 is divided by ((-9)/(-6))/(15/100).
6
Suppose 9*z - 455 = -4*z. Calculate the remainder when z is divided by 19.
16
Suppose -24 = -4*r + 2*y - 6, 9 = -3*y. Suppose -l - 11 = -v, -3*l + 58 = 5*v - 5. What is the remainder when v is divided by r?
0
Let b(t) = -2*t**2 - 25*t + 11. What is t